30040440 - 1230?
-30042220
In base 13, what is -458c7 - -27?
-458a0
In base 13, what is -3 - b72bcb2?
-b72bcb5
In base 8, what is 3164 - 14115?
-10731
In base 8, what is -130070 + 1337?
-126531
In base 8, what is 175 + 13222310?
13222505
In base 4, what is -111333223132 + -110?
-111333223302
In base 6, what is -5 + 223210142?
223210133
In base 3, what is 0 - -2002201211210012?
2002201211210012
In base 12, what is -799666 + 31?
-799635
In base 4, what is 102 - 222303203?
-222303101
In base 11, what is -a768706 + 8?
-a7686a9
In base 8, what is 445 - 101140?
-100473
In base 4, what is 0 + 1232300233212?
1232300233212
In base 4, what is 2110221021 - 33?
2110220322
In base 3, what is -21 - 2010021200001201?
-2010021200001222
In base 3, what is 10102002221 - -10220?
10102020211
In base 12, what is 3 + 218a2b58?
218a2b5b
In base 6, what is -1 - 101352135?
-101352140
In base 9, what is -11 - 1414?
-1425
In base 13, what is 1 + -b300a2?
-b300a1
In base 5, what is 3 + -1221230031?
-1221230023
In base 5, what is 43020310 + 204?
43021014
In base 3, what is -210211022 - -2102111?
-201101211
In base 4, what is -120132303 - -1200?
-120131103
In base 11, what is 3816 - 1482?
2344
In base 3, what is -1021021 + -1220211201?
-1222002222
In base 15, what is 5e5e + 783?
66e2
In base 8, what is 612272 + -41?
612231
In base 15, what is -d0 + -5edd8?
-5eeb8
In base 8, what is 113756 + 6102?
122060
In base 8, what is -110 + 267770?
267660
In base 14, what is 3a5c9172 - -3?
3a5c9175
In base 4, what is 2221203122200 + 13?
2221203122213
In base 5, what is 22 - -414311400?
414311422
In base 9, what is -3 + 53231081?
53231077
In base 12, what is -9 + -790465?
-790472
In base 4, what is -312222231313 - 20?
-312222231333
In base 13, what is 189a - 10696?
-bac9
In base 16, what is 1d02 + 19f?
1ea1
In base 14, what is 5 + -1656a397?
-1656a392
In base 3, what is 111201000221121120 - 0?
111201000221121120
In base 7, what is 52634 + -10?
52624
In base 8, what is 1424 - 2564?
-1140
In base 12, what is -159 - -25300?
25163
In base 5, what is -131321 + -4032?
-140403
In base 13, what is -b072711b - -2?
-b0727119
In base 3, what is 1222010122220 - 101?
1222010122112
In base 10, what is 50541 + -55?
50486
In base 10, what is 198 + 23187?
23385
In base 2, what is 111001001001011000 - 1110100000?
111000111010111000
In base 3, what is -21122012000 - -10110211?
-21111201012
In base 4, what is -2213112201 + 1301?
-2213110300
In base 15, what is -2 + -136e1ab?
-136e1ad
In base 11, what is -1493507a8 - -3?
-1493507a5
In base 8, what is 274452 + 2411?
277063
In base 2, what is 10111101011 - -10001001010111011011?
10001001101111000110
In base 4, what is 13 + 120303231311?
120303231330
In base 14, what is 24258 - 211?
24047
In base 16, what is 7 + -937c56?
-937c4f
In base 3, what is -1010100021002010 + 1?
-1010100021002002
In base 5, what is -21 - -131020401?
131020330
In base 11, what is 2 + -4847545?
-4847543
In base 3, what is -12112 - -2122000120?
2121211001
In base 9, what is -575 - 137104?
-137680
In base 9, what is -62110376 - -30?
-62110346
In base 7, what is -2060 - 122030?
-124120
In base 14, what is 728d44 + 26?
728d6a
In base 2, what is -1011 - -11100000001011010110?
11100000001011001011
In base 13, what is a - 224336?
-224329
In base 12, what is 10a824 + 2213?
110a37
In base 9, what is 6452 - -22168?
28631
In base 2, what is 11001011100101000001011011110 - 11?
11001011100101000001011011011
In base 2, what is 1001011 - 100111110101000011110?
-100111110100111010011
In base 15, what is -58da - 47d2?
-a1bc
In base 7, what is 263 - -123636?
124232
In base 7, what is -32625012 - -2?
-32625010
In base 3, what is 2102112001 - -12211022?
2122100100
In base 9, what is -1544 + -781583?
-783237
In base 8, what is -440 + -46222?
-46662
In base 8, what is -1122 - 557?
-1701
In base 7, what is 2224505524 - -4?
2224505531
In base 9, what is -15460 - -215546?
200076
In base 5, what is 331142140 + -33?
331142102
In base 15, what is 5e7388 - 2?
5e7386
In base 2, what is 101 - -1000010001110100000101?
1000010001110100001010
In base 12, what is 72b + 3a746?
3b275
In base 10, what is -27 + 1220441?
1220414
In base 12, what is -6b7 - -b54?
459
In base 7, what is 33454004 - 35?
33453636
In base 11, what is -154449 - -184?
-154275
In base 8, what is 635747011 - 4?
635747005
In base 7, what is -1223532422 - 5?
-1223532430
In base 16, what is 52 - 224f1?
-2249f
In base 5, what is -1132 + 131423133?
131422001
In base 9, what is -128227 + 1017?
-127210
In base 8, what is 466 - 114555?
-114067
In base 12, what is -1720 - -283b?
111b
In base 9, what is -11135 - 12557?
-23703
In base 12, what is 121 - -5b284?
5b3a5
In base 9, what is -1221175005 - 1?
-1221175006
In base 11, what is -1444a - 12?
-14461
In base 6, what is 335 - 2111353?
-2111014
In base 16, what is 238649 - -7?
238650
In base 13, what is 6b2 + 6c56?
7638
In base 6, what is -133553 - 5300?
-143253
In base 2, what is -100110111011010010011111 - 101?
-100110111011010010100100
In base 5, what is 230034 + 10313412?
11044001
In base 2, what is 11111 - -1001101011000010111?
1001101011000110110
In base 9, what is -63140 - 377?
-63527
In base 15, what is -10 - -5ced2?
5cec2
In base 4, what is 133 - -21211132010?
21211132203
In base 5, what is -343 - 30003143?
-30004041
In base 8, what is 7743775 + 305?
7744302
In base 16, what is -1cc + 23c8f?
23ac3
In base 7, what is -5546064 + -1?
-5546065
In base 5, what is -2 + 111104132320?
111104132313
In base 13, what is -265168 + -6a?
-265205
In base 12, what is -1495 + 15664?
1418b
In base 14, what is 267bb5 - -2?
267bb7
In base 2, what is -11000010011000101001 - 10010?
-11000010011000111011
In base 13, what is 2acb - -5b3?
33b1
In base 11, what is -466 + 6000?
5645
In base 11, what is 2118196 - -5?
21181a0
In base 15, what is 5b04 - -5b70?
b774
In base 15, what is -7022e2 - 0?
-7022e2
In base 10, what is 1058045 - -410?
1058455
In base 10, what is 4360352 - 3?
4360349
In base 10, what is 5043363 - -1?
5043364
In base 14, what is 8339 + 2c?
8367
In base 12, what is -6 + 92a14a?
92a144
In base 9, what is -81377 + -63?
-81451
In base 6, what is 4143222 + -33?
4143145
In base 16, what is 3 + -1292d5?
-1292d2
In base 16, what is 160 - 136f3f?
-136ddf
In base 16, what is -17156a2 + -3?
-17156a5
In base 13, what is -1117837 - 5?
-111783c
In base 10, what is 6 - 1344918?
-1344912
In base 9, what is 11076 - -1451?
12537
In base 11, what is -1731858a - -4?
-17318586
In base 5, what is -1202 - 310112?
-311314
In base 15, what is 30242 + -a1?
30191
In base 11, what is 2 + 3a07685?
3a07687
In base 16, what is 4fa1 + 111?
50b2
In base 3, what is -11100200 + -2122200?
-21000100
In base 8, what is -32336 + 6063?
-24253
In base 4, what is 3201 + 212203?
222010
In base 2, what is -1001010011101111100 + 10010?
-1001010011101101010
In base 4, what is 122 + 223031003102?
223031003230
In base 7, what is 46303440 - 1?
46303436
In base 3, what is 1121012002101212 - -11?
1121012002102000
In base 9, what is -5 - 7478084?
-7478100
In base 16, what is -11629331 + -3?
-11629334
In base 4, what is -3 - 223022133131?
-223022133200
In base 12, what is -78bb1 + -3100?
-800b1
In base 13, what is -6 - -183b53?
183b4a
In base 2, what is 100100100101010 + -1101000111?
100010111100011
In base 11, what is 3048 + -a572?
-7525
In base 12, what is 2 - 2025086a?
-20250868
In base 14, what is -205bc + -b2?
-20690
In base 16, what is -2 + -44b5c9?
-44b5cb
In base 6, what is 11353003232 + 0?
11353003232
In base 12, what is a2b90b - 6b?
a2b860
In base 13, what is -62614 + -4?
-62618
In base 15, what is -2 + 21e7aa?
21e7a8
In base 9, what is 111 - 2275447?
-2275336
In base 12, what is -91 + 50435?
50364
In base 14, what is -6a6 + a0a?
344
In base 10, what is -2 + -4725730?
-4725732
In base 13, what is -205bb1 + -6?
-205bb7
In base 14, what is 601 - 312a6?
-30aa5
In base 3, what is -1120022121122100 - -1?
-1120022121122022
In base 15, what is -127ae8487 + -2?
-127ae8489
In base 8, what is -155351470 - -1?
-155351467
In base 5, what is -3120014013031 - 2?
-3120014013033
In base 10, what is -1 - -6995524?
6995523
In base 12, what is -b - -5050201?
50501b2
In base 9, what is 4873833 + 82?
4874025
In base 13, what is -432 + 539?
107
In base 3, what is 1000012 +